p = t. What is the units digit of p?
1
Suppose 4*g + 3*r = 6*r + 197056, 0 = g + 3*r - 49249. What is the tens digit of g?
6
Let q be (-135 - 14)*(3 + (-7 - 0)). What is the units digit of 49 + -45 - -1*(q + 1)?
1
Let i = -16320 + 43636. What is the units digit of i?
6
Suppose -140*x = 111*x - 9003119. What is the ten thousands digit of x?
3
Let f(v) = -10*v - 14. Let n(x) = 11*x + 1. Let k(s) = -f(s) - n(s). Suppose -7*m + 2*m = -55. What is the units digit of k(m)?
2
Suppose 2*j + 2*r = 4, j - 2*r - 1 - 1 = 0. Let h = 551 - 67. Suppose -3*q - 4*c + h = j*q, 4*c - 388 = -4*q. What is the tens digit of q?
9
Let y(l) = 8*l**2 + 4*l - 2. Let g be y(11). Suppose -5*j + 5 = -5*t - 30, 5*t + 11 = j. Suppose -w = -j*w + g. What is the units digit of w?
2
Suppose -4*p = 3*o - 32112, -4*o + 8*o - 3*p = 42841. What is the thousands digit of o?
0
Let h(j) = -537*j - 4216. What is the units digit of h(-30)?
4
Let c = -307 + 310. Let u(t) = 14*t**2 + 2*t + 2. What is the hundreds digit of u(c)?
1
Let p(z) = -9*z**2 + 2 + 2*z**3 + 0 - 3*z**3 + 0*z**3. Let i be p(-9). Suppose 217 = 3*x - i*x. What is the units digit of x?
7
Let d = 25047 - 12416. What is the tens digit of d?
3
Suppose -3*p - u = -10, -3*p = -0*p - 2*u - 16. Suppose p*g - 685 - 1059 = 4*y, -3*g = 4*y - 1322. What is the tens digit of g?
3
Suppose 233 = -111*v + 110*v. Suppose 5*h - 239 = 2*q, 3*q + 3*h = -246 - 81. Let d = q - v. What is the tens digit of d?
2
Suppose 0 = -7*t + 2*t - 4*h - 393, 5*t - 5*h = -420. Suppose -157*i - 266 = 676. What is the units digit of ((-20)/(-3))/(i/t)?
0
Let f(s) = s**2 + 18*s + 3. Let v be f(-18). Suppose -6 = p - 3*p, 3*r = -v*p + 696. What is the hundreds digit of r?
2
Suppose -8*v + 3270 = -5978. Suppose -3*q + 770 + v = 0. What is the hundreds digit of q?
6
Let d(w) be the third derivative of -w**5/12 - 5*w**4/12 - w**3/6 - 34*w**2. Let k be d(-3). What is the tens digit of k/8 - 4*-58?
3
Let f(z) = -19*z - 21 + z**2 - 2*z**2 + 9*z. Let o be f(-7). Suppose -5*d + 4*x + 133 = 3*x, d - 3*x - 35 = o. What is the tens digit of d?
2
Let i be (8/12*-6)/((-4)/1786). Let u = -1098 + i. What is the tens digit of u?
8
Suppose 5*y = 3*l + 35357, 7*y - 3*y + l = 28272. What is the hundreds digit of y?
0
Suppose 0 = -3*d + 7 + 215. Suppose i = d - 24. Let g = i + 15. What is the tens digit of g?
6
Let c(x) = 3*x**2 + 3*x + 9. Let m(u) = u**2 + u + 1. Let d(v) = -c(v) + 4*m(v). Let j be d(6). Suppose 41 = t - j. What is the units digit of t?
8
What is the tens digit of ((-10)/16 - -1) + (-411320)/(-2240)?
8
Let y = -247 - -252. Suppose -2*k = 3*l - 520, -9*l + y*l + 2*k = -670. What is the tens digit of l?
7
Let d = -90 - -658. Suppose 571*o = d*o + 81. What is the units digit of o?
7
Let i(d) be the second derivative of -8*d**3/3 - 9*d**2/2 - 14*d - 2. What is the tens digit of i(-6)?
8
Let w(d) = d**2 + 3*d + 73. Let h be w(0). Let c be 7/2*(-6)/(-7). Suppose -c*q + 322 - h = 0. What is the tens digit of q?
8
Let y = -250 - -174. Let o = -138 - y. Let a = -60 - o. What is the units digit of a?
2
Let l be ((-8464)/10)/(30/(-75)). Suppose 6*y = l + 974. What is the tens digit of y?
1
Let r(y) = y**3 - y**2 - y + 1. Let p(u) = -187*u**3 + 3*u**2 + 5*u - 10. Let s(g) = p(g) + 6*r(g). What is the tens digit of s(-2)?
3
What is the thousands digit of (-50952)/30*-5 + -1 + 5?
8
Let k = -47 + 220. Suppose -3*w = -4*n + 1679 + k, -2*w = 5*n - 2338. What is the units digit of n?
6
Let a(f) = -152 + 40*f - 41 - 4*f + 14*f - 1. What is the hundreds digit of a(25)?
0
Let k(n) be the third derivative of -n**6/120 - n**5/20 - 3*n**4/4 - 10*n**3 + 41*n**2. What is the tens digit of k(-10)?
2
Suppose 353*u = 352*u, -3*o + 2*u = -20751. What is the thousands digit of o?
6
Let u(j) = -345*j - 249. What is the units digit of u(-16)?
1
Let t(m) = m**2 - 8*m - 8. Let n be t(7). Let l(p) = p**2 + 17*p + 30. Let d be l(n). Suppose r + 144 = 2*h, 4 = r - d. What is the tens digit of h?
7
What is the thousands digit of (22113/(-182))/(-1*3/276)?
1
Let g be -1*((-101598)/27 + (-1)/9). Suppose 7*h = g + 1564. What is the tens digit of h?
6
Let c(z) be the second derivative of -17*z**6/720 - z**5/30 - 13*z**4/12 - 13*z. Let k(d) be the third derivative of c(d). What is the units digit of k(-4)?
4
Suppose -3*t - 4*c + 145156 = 0, -40*c + 46*c + 242028 = 5*t. What is the units digit of t?
6
Suppose 7 = 2*n + 15, -3*s - n + 17 = 0. Suppose -2*h - f + 296 = 0, -h - s + 166 = -5*f. What is the units digit of h?
9
Let b be (-1)/((1/(-3))/(148/2)). Suppose -136 = -s + b. What is the hundreds digit of s?
3
Suppose -32848 = 69*w - 4*w - 90633. What is the tens digit of w?
8
Let k = 17 + 11. Let l = -40 + 38. What is the units digit of ((-7)/(k/16))/l?
2
Let v(x) = -10*x - 26. Let m be 52/6 - 2/(-6). Let j be v(m). Let k = j + 175. What is the tens digit of k?
5
Let c(t) = -55*t**2 + 17*t - 10. Let z be c(-3). Let v = 409 - z. What is the tens digit of v?
6
Let f(j) be the second derivative of 63*j**5/4 - j**4/3 + j**3/3 + j**2/2 + 132*j. What is the hundreds digit of f(1)?
3
Suppose f - 2*t + 3 = -3, -t + 3 = -4*f. Suppose -5*j = -3*c - 24 - 20, -2*c - 5*j + 4 = f. Let d(b) = -b**2 - 12*b - 12. What is the units digit of d(c)?
0
Let f = -45 - -47. Suppose 87 + 349 = f*k. Suppose -982 = -10*q + k. What is the units digit of q?
0
Let g(h) = 23828*h + 94. What is the units digit of g(1)?
2
Let b be (0/1*(-20 - -19))/(-1). Suppose b = v - 3*d + 596 - 1855, -2*v = -5*d - 2518. What is the tens digit of v?
5
Suppose 19*u - 30*u - 55 = 0. What is the units digit of (11 + -7)*u/(-4)?
5
Let y be (7 - -1)*40/80. Suppose b - 5*i - 42 - 320 = 0, 0 = 2*b - y*i - 718. What is the units digit of b?
7
Let n be (-1888728)/72 + 2/6. What is the tens digit of n/(-42) - 1 - (-12)/(-21)?
2
Suppose 0 = 4*h - 1684 - 272. Let a = h + -245. What is the hundreds digit of a?
2
Suppose 3*k - 45*g = -50*g + 3949, -3*k + 3977 = -2*g. Suppose -18*h = -27*h + k. What is the units digit of h?
7
Let j = 0 - -2050. What is the thousands digit of j?
2
Let f = 135 - 29. Suppose 0 = w - n - 999, -5*w - 5*n + 4899 = -f. Suppose 6*p - w = -2*p. What is the hundreds digit of p?
1
What is the hundreds digit of 72/468 + 5/((-195)/(-484023))?
4
Let b(w) be the first derivative of 31*w**4/12 - w**3/6 + w**2 + 7*w - 38. Let r(z) be the second derivative of b(z). What is the hundreds digit of r(2)?
1
What is the thousands digit of 46/((-1144)/8792 + (-5)/(-35))?
3
Suppose 0 = b + 3*w - 870, -29 = -5*w + 11. Let j(l) = l + 5. Let c be j(-5). Suppose b = 5*d - g, 3*d + 2*g - 505 = -c*g. What is the hundreds digit of d?
1
Suppose -4*w - 78*k + 81*k + 73106 = 0, 3*k = -3*w + 54840. What is the hundreds digit of w?
2
Let k = -4793 - -7361. What is the thousands digit of k?
2
What is the hundreds digit of 6/14 - (-2294976)/1344?
7
Let r(u) be the first derivative of 11*u**3/3 + 9*u**2/2 - 77*u + 95. What is the units digit of r(5)?
3
Let r(q) = -51*q**3 - 9*q**2 - 177*q - 925. What is the ten thousands digit of r(-7)?
1
Suppose 218*j - 223*j - 10 = 0, -5*g - 2*j = -23061. What is the hundreds digit of g?
6
Suppose 59*f - 31632 = -3*s + 62*f, -2*f = 3*s - 31622. What is the units digit of s?
2
Let l(i) be the third derivative of -i**6/40 - i**5/6 - 3*i**4/8 - 11*i**3/6 - i**2 + 89. What is the units digit of l(-4)?
7
Suppose t + 3031 = o + 36964, -3*o = t - 33957. What is the hundreds digit of t?
9
Let x = -39 - -22. Let w(i) = 2*i + 9*i + 18*i**2 - 9 - 3 + i**3. What is the tens digit of w(x)?
9
Let y(t) = 1472*t - 2912*t + 105 + 1502*t. What is the units digit of y(20)?
5
Let k = 45799 - -6618. What is the units digit of k?
7
Let d(h) = -231*h - 592. What is the units digit of d(-7)?
5
Let h = -578 - -281. Let g = -158 - h. What is the hundreds digit of g?
1
Let q be 2 - (-7)/(-4) - 9/(-12). What is the units digit of ((-306)/12)/(q/(-16))?
8
Let z(o) be the first derivative of -o**3/3 - 3*o**2/2 - 5*o + 34. Let y be z(-3). What is the units digit of (17 - (y + 10)) + -5?
7
Let t(r) = r**3 - 16*r**2 - 22*r + 12. Let h be t(17). Let u = -376 - h. What is the units digit of u/(-7) - (-2 - (-32)/14)?
3
Suppose 4*n - l = 197041, n - 49276 = 50*l - 52*l. What is the thousands digit of n?
9
Suppose -682*p - 379918 = -700*p + 521900. What is the units di